 and 66.
6
Let v be (-96 + 2 + 1)/(-1). Let j = -37 + v. What is the greatest common divisor of 7 and j?
7
Let z = 35 - -40. What is the highest common divisor of z and 25?
25
Let r = -4 - 0. Let p = r - -6. Suppose 0 = -p*l + 2. What is the greatest common factor of 1 and l?
1
Let l = 156 + -143. Suppose -76 + 284 = 2*w. Calculate the greatest common factor of l and w.
13
Let o(p) = 10*p - 2*p - 7*p. Let d be o(1). Let c(v) = 12*v**3 + v**2 + v - 1. Let g be c(d). What is the highest common divisor of g and 91?
13
Let g(m) = -m**3 - 2*m**2 + 2*m - 2. Let h(r) = 2 - 2 + 1 - 4*r**2. Let s be h(1). Let t be g(s). Calculate the greatest common factor of t and 1.
1
Let x(g) = g**3 - 6*g**2 + 7*g - 3. Suppose b - 15 = m - 3*b, 2*m + 5*b - 35 = 0. Let a be x(m). Calculate the highest common divisor of a and 35.
7
Let m be -3*(-2 + 88/(-12)). Calculate the greatest common factor of 140 and m.
28
Suppose 0*x - x = -4. Let j = 19 - 11. Let h(a) = -a**2 + 8*a + 6. Let o be h(j). Calculate the highest common factor of o and x.
2
Suppose 6*o = o. Suppose -4*m + 5*r = 1, -m + o*r = -4*r + 3. Suppose -3*u + 6*u + 2*z = 5, -4*u + 3*z + m = 0. What is the highest common divisor of u and 1?
1
Let d be ((-8)/6)/(1/(-6)). Suppose -5*p - 1 = -31. Let o = d - p. What is the greatest common divisor of o and 14?
2
Let y = 3 - 3. Let b(c) = c**3 - c**2 + 3. Let k be b(y). Suppose 2*l = -3*w + 3, 2 = 5*w + l - 10. Calculate the greatest common factor of w and k.
3
Suppose 24 = -2*r + 3*r. Calculate the highest common divisor of 3 and r.
3
Let g be 0 + 3/(1 + 0). Suppose -2*f = 2*o - 20, 4*o = g*f - 6*f + 40. What is the highest common factor of 30 and o?
10
Suppose -4*f + 848 = -0*f. Let q = -38 - 76. Let n = f + q. What is the highest common divisor of n and 14?
14
Let y = -74 - -48. Let d = -16 - y. Let s be ((-5)/d)/((-1)/8). What is the greatest common factor of s and 4?
4
Let l = 165 + -149. Let t be (-52)/(-6) - (-4)/(-6). What is the greatest common divisor of l and t?
8
Let c be (-14)/(-1) - (-1 - -2). Suppose c = 3*u - 23. Suppose -22*s + 17*s + 480 = 0. Calculate the greatest common factor of s and u.
12
Suppose 4 = -2*l + 20. Let h = l + -5. What is the greatest common factor of h and 6?
3
Let b(a) = a + 1. Let j be b(-4). Let h be 3/j*2 - -16. Calculate the greatest common divisor of 2 and h.
2
Suppose -3*f + u + 43 - 8 = 0, 5*f + 3*u = 35. What is the highest common factor of f and 80?
10
Let i = 19 - -5. What is the greatest common factor of i and 3?
3
Let b(j) = -6*j + 3. Let k be b(6). Let f = -23 - k. Let p(d) = -41*d - 2. Let c be p(-2). Calculate the highest common factor of f and c.
10
Let u = -122 - -197. Let v = u - 18. Let p(y) = -y**3 - 2*y**2 - 4*y - 2. Let d be p(-3). What is the greatest common factor of v and d?
19
Let v be 0 - -1 - -15*1. Let s = 29 - v. Let o = -58 - -123. What is the greatest common factor of s and o?
13
Suppose -5*j + 2*g = 36 - 181, 4*j = -2*g + 98. Let w = j - -7. Let q = w - 24. Calculate the highest common factor of 80 and q.
10
Let q(t) = -4*t + 8. Let n be q(-7). What is the greatest common divisor of 9 and n?
9
Let t(a) = -3*a - 5. Let r be t(-7). Calculate the greatest common factor of r and 64.
16
Let u(s) = -s**3 + 6*s**2 - 4*s - 1. Let b be u(3). Suppose -44 = -4*v + 12. What is the greatest common divisor of b and v?
14
Suppose b + 5*f - 467 = -3*b, -4*f - 512 = -4*b. What is the greatest common divisor of b and 41?
41
Let i(v) = 25*v - 16. Let u be i(1). Calculate the highest common factor of 3 and u.
3
Suppose 5*x - 239 = -3*u, 0*u = 5*u - 4*x - 460. What is the highest common divisor of 11 and u?
11
Let v(a) = -a**2 + 2*a - 2. Let b be v(-4). Let q be 3/(b/9 - -3). What is the highest common factor of 18 and q?
9
Let n(y) = -2435*y**3. Let x be n(-1). Suppose -5*m - 75 = -x. Let v be (-4)/26 - m/(-26). What is the highest common divisor of v and 90?
18
Let r be 1 + (-22)/18 - 1516/(-18). What is the highest common divisor of r and 56?
28
Suppose 3*o + 17 = -4*p + 112, 2 = p. Calculate the highest common factor of o and 145.
29
Let w = -38 + 213. What is the highest common divisor of 70 and w?
35
Let q = 5 - 3. Suppose q*j - 18 - 12 = 0. Let k(i) = -i**3 - i**2 - i + 135. Let p be k(0). What is the greatest common divisor of p and j?
15
Let j = 2 + 0. Let h be 12 + (j - 1)*-2. Let r be (-10)/((-3 - (-1 + 0)) + 1). Calculate the greatest common factor of h and r.
10
Let x be 7014/15 - 2/(-5). Let o = x - 318. Suppose s - 12 - 3 = 0. What is the greatest common factor of s and o?
15
Let g = 160 + -144. What is the highest common divisor of 32 and g?
16
Let n be (5 - 15)/(1 - 3). Suppose 4 = j - n*j. Let g = 5 + j. What is the greatest common factor of g and 4?
4
Let w be (4/6)/(16/48). Calculate the highest common divisor of 22 and w.
2
Suppose -90*f + 75 = -85*f. What is the greatest common divisor of f and 30?
15
Suppose -3*t - 5*g + 1661 = 0, -1677 = -3*t + 4*g - g. Suppose t = 5*q - 323. Let u = -59 + 75. Calculate the greatest common divisor of q and u.
16
Let f be (0 - -11)/((-6)/12*-2). What is the greatest common divisor of 22 and f?
11
Let g = -19 - -12. Let f = -4 - g. What is the greatest common factor of f and 6?
3
Let o = 112 + 203. Calculate the highest common divisor of 35 and o.
35
Let p = -170 - -239. Suppose -240 = -4*l - 5*w, 231 = 5*l - w - p. What is the highest common factor of l and 12?
12
Let x = 3 + -4. Let i be 1/x + (2 - 0). Let t = i - -2. What is the highest common divisor of 9 and t?
3
Let k(a) = -2*a + 11. Let u be k(4). What is the greatest common factor of 4 and u?
1
Let r be 1/(-2) + 25/10. Suppose -4*v - 73 = -7*v - r*l, -59 = -3*v + 5*l. Calculate the greatest common divisor of 161 and v.
23
Suppose 0 = 2*a + q - 1, -a = 4*a - 4*q - 35. Calculate the highest common factor of 3 and a.
3
Let a be (-956)/(-14) - 2/7. Suppose a = 4*m + 16. Suppose -m = -2*q + 221. What is the greatest common factor of 13 and q?
13
Let p = 10 + -7. Suppose -p*g = -4*g + 19. Calculate the highest common factor of g and 133.
19
Let g(x) = -2*x + 4. Let p be g(-9). What is the highest common factor of 154 and p?
22
Let l(y) = y**3 - 1. Let b be l(1). Suppose b = -m - 2*m + 42. Let f be (-4)/(-12) + 586/6. Calculate the greatest common divisor of m and f.
14
Let w be 7935/45 - 2/6. What is the highest common divisor of 16 and w?
16
Let c be ((-6)/30)/(2/(-10)). Let x be 29 + c*(-9)/(-3). Let y = x + 38. Calculate the greatest common divisor of 10 and y.
10
Suppose -2*f + 107 + 149 = 0. Let n(z) = 2*z**2 + z + 1. Let w be n(-3). What is the highest common divisor of f and w?
16
Suppose 3*z - 2*z - 42 = 0. Suppose 0 = -3*n + 428 - 239. Calculate the highest common divisor of z and n.
21
Let y = -32 + 39. Calculate the greatest common divisor of 49 and y.
7
Let d be 188/12 + 2/6. Let h be 1172/9 + -2 + (-10)/45. What is the highest common divisor of d and h?
16
Suppose 2*c + 131 = 4*z + 3*c, -5*c + 160 = 5*z. Let v = -13 + z. Calculate the greatest common factor of v and 10.
10
Suppose -28 = -3*k + 2*w, 0 = -3*k + 4*w - 3*w + 26. Suppose -2*v + k = -0*v, 5*c - 90 = 5*v. What is the highest common divisor of 55 and c?
11
Let r = 59 + -36. Let l(j) = -2*j**3 + 2*j**2 + j + 5. Let w be l(-4). What is the highest common factor of w and r?
23
Let h = -7 + 22. Let q be (-239)/(-2) - (-1)/2. What is the greatest common factor of h and q?
15
Let a be (0 - (-15)/4)*20. Suppose -o - 5*s = 10, -5*o + 3*s + 14 = -4*o. Suppose o*b + 8 = 83. Calculate the greatest common factor of a and b.
15
Suppose 39 = 5*m + 4*r, r - 10 = -2*m - 2*r. Let f be ((-56)/(-4) - 3)*m. Calculate the greatest common factor of f and 11.
11
Let h = 4 + 0. Suppose 8*u - 4*l - 38 = 3*u, 4*u + 2*l = 20. Let o = 12 - u. Calculate the greatest common factor of h and o.
2
Let v be (0 - -19) + (5 - 8). Let x be (12/18)/((-1)/(-36)). Calculate the highest common factor of v and x.
8
Let s be 12/(-18)*(4/2 + -71). Calculate the highest common factor of 69 and s.
23
Suppose u - 3*d - 22 = 0, -2*u + 14 = -2*d - 10. Suppose k + 57 + 16 = t, k = 4. What is the highest common divisor of u and t?
7
Suppose -438 = -2*u + 112. Calculate the highest common factor of u and 25.
25
Let f(j) = -j**3 - 24*j**2 - 24*j - 12. Let n be f(-23). Calculate the gr